{"id":4838,"date":"2023-03-19T16:11:58","date_gmt":"2023-03-19T16:11:58","guid":{"rendered":"https:\/\/ata-divisions.org\/GLD\/?page_id=4838"},"modified":"2024-03-20T18:26:45","modified_gmt":"2024-03-20T18:26:45","slug":"mitgliederversammlungen","status":"publish","type":"page","link":"https:\/\/ata-divisions.org\/GLD\/de\/mitgliederversammlungen\/","title":{"rendered":"Mitgliederversammlungen"},"content":{"rendered":"<div id=\"pl-gb4838-69d79950d9d4f\"  class=\"panel-layout\" ><div id=\"pg-gb4838-69d79950d9d4f-0\"  class=\"panel-grid panel-has-style\" ><div style=\"padding: 100px 0; \" data-overlay=\"true\" data-overlay-color=\"#000000\" class=\"panel-row-style panel-row-style-for-gb4838-69d79950d9d4f-0\" ><div id=\"pgc-gb4838-69d79950d9d4f-0-0\"  class=\"panel-grid-cell\" ><div id=\"panel-gb4838-69d79950d9d4f-0-0-0\" class=\"so-panel widget_sow-editor panel-first-child panel-last-child\" data-index=\"0\" ><div style=\"text-align: left;\" data-title-color=\"#443f3f\" data-headings-color=\"#443f3f\" class=\"panel-widget-style panel-widget-style-for-gb4838-69d79950d9d4f-0-0-0\" ><div\n\t\t\t\n\t\t\tclass=\"so-widget-sow-editor so-widget-sow-editor-base\"\n\t\t\t\n\t\t><h3 class=\"widget-title\">Mitgliederversammlungen<\/h3>\n<div class=\"siteorigin-widget-tinymce textwidget\">\n\t<p>Wie bei allen anderen Divisions der ATA l\u00e4dt auch der GLD Leadership Council GLD alle Mitglieder zu Versammlungen ein, um sie \u00fcber die j\u00fcngsten Aktivit\u00e4ten auf dem Laufenden zu halten, berufsrelevante Themen zu diskutieren und Feedback aus der Mitgliedschaft zu erhalten.<\/p>\n<p>Die Protokolle der Versammlungen finden Sie unter dem Reiter Mitgliedervorteile, Ressourcen (<a href=\"https:\/\/ata-divisions.org\/GLD\/gld-archive\/\">GLD-Archiv<\/a>) auf der GLD-Website.<\/p>\n<\/div>\n<\/div><\/div><\/div><\/div><\/div><\/div><\/div>","protected":false},"excerpt":{"rendered":"<p>Wie bei allen anderen Divisions der ATA l\u00e4dt auch der GLD Leadership Council GLD alle Mitglieder zu Versammlungen ein, um sie \u00fcber die j\u00fcngsten Aktivit\u00e4ten auf dem Laufenden zu halten, berufsrelevante Themen zu diskutieren und Feedback aus der Mitgliedschaft zu erhalten. Die Protokolle der Versammlungen [&hellip;]<\/p>\n","protected":false},"author":23,"featured_media":0,"parent":0,"menu_order":0,"comment_status":"closed","ping_status":"closed","template":"page-templates\/page_front-page.php","meta":{"footnotes":""},"class_list":["post-4838","page","type-page","status-publish","hentry"],"yoast_head":"<!-- This site is optimized with the Yoast SEO plugin v27.1.1 - https:\/\/yoast.com\/product\/yoast-seo-wordpress\/ -->\n<title>Mitgliederversammlungen - ATA German Language Division<\/title>\n<meta name=\"robots\" content=\"index, follow, max-snippet:-1, max-image-preview:large, max-video-preview:-1\" \/>\n<link rel=\"canonical\" href=\"https:\/\/ata-divisions.org\/GLD\/de\/mitgliederversammlungen\/\" \/>\n<meta property=\"og:locale\" content=\"en_US\" \/>\n<meta property=\"og:type\" content=\"article\" \/>\n<meta property=\"og:title\" content=\"Mitgliederversammlungen - ATA German Language Division\" \/>\n<meta property=\"og:description\" content=\"Wie bei allen anderen Divisions der ATA l\u00e4dt auch der GLD Leadership Council GLD alle Mitglieder zu Versammlungen ein, um sie \u00fcber die j\u00fcngsten Aktivit\u00e4ten auf dem Laufenden zu halten, berufsrelevante Themen zu diskutieren und Feedback aus der Mitgliedschaft zu erhalten. Die Protokolle der Versammlungen [&hellip;]\" \/>\n<meta property=\"og:url\" content=\"https:\/\/ata-divisions.org\/GLD\/de\/mitgliederversammlungen\/\" \/>\n<meta property=\"og:site_name\" content=\"ATA German Language Division\" \/>\n<meta property=\"article:modified_time\" content=\"2024-03-20T18:26:45+00:00\" \/>\n<meta name=\"twitter:card\" content=\"summary_large_image\" \/>\n<script type=\"application\/ld+json\" class=\"yoast-schema-graph\">{\"@context\":\"https:\/\/schema.org\",\"@graph\":[{\"@type\":\"WebPage\",\"@id\":\"https:\/\/ata-divisions.org\/GLD\/de\/mitgliederversammlungen\/\",\"url\":\"https:\/\/ata-divisions.org\/GLD\/de\/mitgliederversammlungen\/\",\"name\":\"Mitgliederversammlungen - ATA German Language Division\",\"isPartOf\":{\"@id\":\"https:\/\/ata-divisions.org\/GLD\/#website\"},\"datePublished\":\"2023-03-19T16:11:58+00:00\",\"dateModified\":\"2024-03-20T18:26:45+00:00\",\"breadcrumb\":{\"@id\":\"https:\/\/ata-divisions.org\/GLD\/de\/mitgliederversammlungen\/#breadcrumb\"},\"inLanguage\":\"en-US\",\"potentialAction\":[{\"@type\":\"ReadAction\",\"target\":[\"https:\/\/ata-divisions.org\/GLD\/de\/mitgliederversammlungen\/\"]}]},{\"@type\":\"BreadcrumbList\",\"@id\":\"https:\/\/ata-divisions.org\/GLD\/de\/mitgliederversammlungen\/#breadcrumb\",\"itemListElement\":[{\"@type\":\"ListItem\",\"position\":1,\"name\":\"Home\",\"item\":\"https:\/\/ata-divisions.org\/GLD\/\"},{\"@type\":\"ListItem\",\"position\":2,\"name\":\"Mitgliederversammlungen\"}]},{\"@type\":\"WebSite\",\"@id\":\"https:\/\/ata-divisions.org\/GLD\/#website\",\"url\":\"https:\/\/ata-divisions.org\/GLD\/\",\"name\":\"ATA German Language Division\",\"description\":\"\",\"publisher\":{\"@id\":\"https:\/\/ata-divisions.org\/GLD\/#organization\"},\"potentialAction\":[{\"@type\":\"SearchAction\",\"target\":{\"@type\":\"EntryPoint\",\"urlTemplate\":\"https:\/\/ata-divisions.org\/GLD\/?s={search_term_string}\"},\"query-input\":{\"@type\":\"PropertyValueSpecification\",\"valueRequired\":true,\"valueName\":\"search_term_string\"}}],\"inLanguage\":\"en-US\"},{\"@type\":\"Organization\",\"@id\":\"https:\/\/ata-divisions.org\/GLD\/#organization\",\"name\":\"GLD German Language Division\",\"url\":\"https:\/\/ata-divisions.org\/GLD\/\",\"logo\":{\"@type\":\"ImageObject\",\"inLanguage\":\"en-US\",\"@id\":\"https:\/\/ata-divisions.org\/GLD\/#\/schema\/logo\/image\/\",\"url\":\"https:\/\/ata-divisions.org\/GLD\/wp-content\/uploads\/2016\/10\/GLD-ATA-Logo-blue.png\",\"contentUrl\":\"https:\/\/ata-divisions.org\/GLD\/wp-content\/uploads\/2016\/10\/GLD-ATA-Logo-blue.png\",\"width\":390,\"height\":390,\"caption\":\"GLD German Language Division\"},\"image\":{\"@id\":\"https:\/\/ata-divisions.org\/GLD\/#\/schema\/logo\/image\/\"}}]}<\/script>\n<!-- \/ Yoast SEO plugin. -->","yoast_head_json":{"title":"Mitgliederversammlungen - ATA German Language Division","robots":{"index":"index","follow":"follow","max-snippet":"max-snippet:-1","max-image-preview":"max-image-preview:large","max-video-preview":"max-video-preview:-1"},"canonical":"https:\/\/ata-divisions.org\/GLD\/de\/mitgliederversammlungen\/","og_locale":"en_US","og_type":"article","og_title":"Mitgliederversammlungen - ATA German Language Division","og_description":"Wie bei allen anderen Divisions der ATA l\u00e4dt auch der GLD Leadership Council GLD alle Mitglieder zu Versammlungen ein, um sie \u00fcber die j\u00fcngsten Aktivit\u00e4ten auf dem Laufenden zu halten, berufsrelevante Themen zu diskutieren und Feedback aus der Mitgliedschaft zu erhalten. Die Protokolle der Versammlungen [&hellip;]","og_url":"https:\/\/ata-divisions.org\/GLD\/de\/mitgliederversammlungen\/","og_site_name":"ATA German Language Division","article_modified_time":"2024-03-20T18:26:45+00:00","twitter_card":"summary_large_image","schema":{"@context":"https:\/\/schema.org","@graph":[{"@type":"WebPage","@id":"https:\/\/ata-divisions.org\/GLD\/de\/mitgliederversammlungen\/","url":"https:\/\/ata-divisions.org\/GLD\/de\/mitgliederversammlungen\/","name":"Mitgliederversammlungen - ATA German Language Division","isPartOf":{"@id":"https:\/\/ata-divisions.org\/GLD\/#website"},"datePublished":"2023-03-19T16:11:58+00:00","dateModified":"2024-03-20T18:26:45+00:00","breadcrumb":{"@id":"https:\/\/ata-divisions.org\/GLD\/de\/mitgliederversammlungen\/#breadcrumb"},"inLanguage":"en-US","potentialAction":[{"@type":"ReadAction","target":["https:\/\/ata-divisions.org\/GLD\/de\/mitgliederversammlungen\/"]}]},{"@type":"BreadcrumbList","@id":"https:\/\/ata-divisions.org\/GLD\/de\/mitgliederversammlungen\/#breadcrumb","itemListElement":[{"@type":"ListItem","position":1,"name":"Home","item":"https:\/\/ata-divisions.org\/GLD\/"},{"@type":"ListItem","position":2,"name":"Mitgliederversammlungen"}]},{"@type":"WebSite","@id":"https:\/\/ata-divisions.org\/GLD\/#website","url":"https:\/\/ata-divisions.org\/GLD\/","name":"ATA German Language Division","description":"","publisher":{"@id":"https:\/\/ata-divisions.org\/GLD\/#organization"},"potentialAction":[{"@type":"SearchAction","target":{"@type":"EntryPoint","urlTemplate":"https:\/\/ata-divisions.org\/GLD\/?s={search_term_string}"},"query-input":{"@type":"PropertyValueSpecification","valueRequired":true,"valueName":"search_term_string"}}],"inLanguage":"en-US"},{"@type":"Organization","@id":"https:\/\/ata-divisions.org\/GLD\/#organization","name":"GLD German Language Division","url":"https:\/\/ata-divisions.org\/GLD\/","logo":{"@type":"ImageObject","inLanguage":"en-US","@id":"https:\/\/ata-divisions.org\/GLD\/#\/schema\/logo\/image\/","url":"https:\/\/ata-divisions.org\/GLD\/wp-content\/uploads\/2016\/10\/GLD-ATA-Logo-blue.png","contentUrl":"https:\/\/ata-divisions.org\/GLD\/wp-content\/uploads\/2016\/10\/GLD-ATA-Logo-blue.png","width":390,"height":390,"caption":"GLD German Language Division"},"image":{"@id":"https:\/\/ata-divisions.org\/GLD\/#\/schema\/logo\/image\/"}}]}},"_links":{"self":[{"href":"https:\/\/ata-divisions.org\/GLD\/wp-json\/wp\/v2\/pages\/4838","targetHints":{"allow":["GET"]}}],"collection":[{"href":"https:\/\/ata-divisions.org\/GLD\/wp-json\/wp\/v2\/pages"}],"about":[{"href":"https:\/\/ata-divisions.org\/GLD\/wp-json\/wp\/v2\/types\/page"}],"author":[{"embeddable":true,"href":"https:\/\/ata-divisions.org\/GLD\/wp-json\/wp\/v2\/users\/23"}],"replies":[{"embeddable":true,"href":"https:\/\/ata-divisions.org\/GLD\/wp-json\/wp\/v2\/comments?post=4838"}],"version-history":[{"count":6,"href":"https:\/\/ata-divisions.org\/GLD\/wp-json\/wp\/v2\/pages\/4838\/revisions"}],"predecessor-version":[{"id":6054,"href":"https:\/\/ata-divisions.org\/GLD\/wp-json\/wp\/v2\/pages\/4838\/revisions\/6054"}],"wp:attachment":[{"href":"https:\/\/ata-divisions.org\/GLD\/wp-json\/wp\/v2\/media?parent=4838"}],"curies":[{"name":"wp","href":"https:\/\/api.w.org\/{rel}","templated":true}]}}